. Calculate t(2).
-4
Let z(d) = -2*d - 2. Let y be 6 + -4 + 0/2. Suppose -2 = y*w, -7*w = 5*l - 3*w + 24. Calculate z(l).
6
Let z(b) be the second derivative of b**7/420 - b**6/90 + b**5/60 - b**3/6 + b. Let f(v) be the second derivative of z(v). Suppose 3*o - 4 = o. Calculate f(o).
4
Let c(o) = -o**2 + 6*o - 7. Let z be c(5). Let f be 1/z - 33/6. Let a(i) = -i - 6. Determine a(f).
0
Let l(d) be the third derivative of d**6/20 - 34*d**2. What is l(1)?
6
Let h(a) be the second derivative of a**5/20 + a**4/2 + 2*a**3/3 + 7*a**2/2 + 2*a - 11. Let d(y) = y**3 + 4*y**2 - 4*y. Let b be d(-5). Calculate h(b).
12
Let a(t) = -t**2 - 13*t + 2. Let g be a(-13). Suppose g*d - 12 = -d. Let f(u) = -u**3 + 5*u**2 - 4*u. Calculate f(d).
0
Let p be 0 + 0 - (-2 - 1). Let d(b) = 4*b + p*b**2 - 9*b**2 + 0*b**2 - 2*b**3 + 3*b**3 + 1. What is d(5)?
-4
Let n = 6 + -8. Let c(j) = j**2 - 2*j - 1. What is c(n)?
7
Let p(v) = -v. Let i(l) = -2 - l**3 - 7*l**2 + l + 0 - 8*l. Let o be i(-6). Suppose 5*b = o*c, 6*b = -c + b. What is p(c)?
0
Let l(y) = -y + 1. Let p(o) be the first derivative of 3*o**2 - 4*o + 4. Let t(c) = 14*l(c) + 3*p(c). What is t(-2)?
-6
Let d be 9/(-6)*(-4)/3. Let l(x) = 4*x - x**3 - 3*x - 2*x + d*x**2 + 1. What is l(2)?
-1
Let m(i) be the second derivative of 0 + 4*i**2 - 1/6*i**3 - 3*i. Give m(0).
8
Let x be (5 - (-111)/(-21))*-14. Let u(j) = -2*j + 2. Give u(x).
-6
Let h = -150 + 153. Let g(r) = -1 - 3*r**2 + r**2 - 2*r + 6*r. Give g(h).
-7
Let t(y) = 3*y - 2. Let a(k) = k + 11. Let h be a(-8). Let o be 6/(1 - (-4 + h)). Determine t(o).
7
Suppose -4*r = 2*p, 0 = -0*p - 5*p. Let b(a) = 2*a**3 - 7*a**2 - 3*a + 10. Let x(s) = -3*s**3 + 11*s**2 + 5*s - 15. Let h(d) = -8*b(d) - 5*x(d). Give h(r).
-5
Let l(c) = -4*c + 2. Let v(u) = u**2 + 3*u - 3. Let k be v(-4). Let t(r) = 3*r. Let i be t(k). Determine l(i).
-10
Let p = -78 + 82. Let w(f) be the first derivative of -f**3/3 + 3*f**2/2 + f - 1. What is w(p)?
-3
Let t(g) be the third derivative of -g**4/24 + g**3/6 - 7*g**2. Determine t(-1).
2
Let o(h) be the second derivative of -h**5/20 + 7*h**4/12 - h**2 + 4*h. Determine o(7).
-2
Let p be 0 + (-34)/8 - 3/4. Let h(w) = w**3 + 5*w**2 - 4. Determine h(p).
-4
Let m(f) = -f**3 - f**2 + 3*f - 2. Let x(k) = 3*k + 2. Let j be x(-2). Let y be (-3)/(-9)*36/j. What is m(y)?
7
Let l(u) = -u**3 - 6*u**2 - 7*u + 1. Let d = 21 + -16. Suppose -2*t + d = -3*t. Give l(t).
11
Let g(l) = 2*l - 5. Let q(v) = -v. Let n be q(-4). What is g(n)?
3
Let u(g) = 14*g**3 + 26*g**2 - 4*g + 32. Let r(i) = -5*i**3 - 9*i**2 + i - 11. Let v(x) = -11*r(x) - 4*u(x). Determine v(-6).
-1
Let v(c) be the second derivative of -c**5/20 - c**4/6 + c**3/3 + c**2/2 + 17*c. Calculate v(-2).
-3
Let d = 6 + -4. Let m(q) = -d + q + 4 + 0*q. Determine m(-5).
-3
Let b be 20/6*(-36)/(-30). Suppose -11 + 86 = 5*g. Suppose -j + b*j = -g. Let d(r) = -r + 2. What is d(j)?
7
Let n(b) = -b**3 - b**2 + b - 10. Suppose -2*r - 2*r = 0. Suppose r = -5*z + 2*z. Calculate n(z).
-10
Let y be (1 - (1 - 8)) + 0. Suppose 2*w + y = 4*w. Let d(n) = -n**2 + n - 1. Determine d(w).
-13
Suppose -7 - 2 = -3*u. Let r(c) = c**3 - 2*c**2 - 4*c + 1. Determine r(u).
-2
Let a(m) = 3*m**2 - 5*m + 2. Let u(h) be the second derivative of -7*h**4/12 + 5*h**3/3 - 3*h**2/2 + 4*h. Let d(j) = -5*a(j) - 2*u(j). Give d(6).
-10
Let p(j) = 5*j - 1. Let q(l) = 18*l - 3. Let r(y) = -7*p(y) + 2*q(y). Let d be (-44)/7 - 4/(-14). Determine r(d).
-5
Let j(r) = -3*r - 19. Let c be j(-8). Let v(z) = 6*z - 3*z - 7 - 2*z. Calculate v(c).
-2
Suppose 3*q = 2*z + 41, -q = -0*z - z - 15. Let f(j) = -6 + 10*j**2 + 6*j - 3*j - q*j**2. Suppose 0 = 5*c - 5 - 15. Determine f(c).
-10
Suppose 4*w + g - 8 = -21, -g = -2*w + 1. Suppose -2*j + 19 = 1. Let s(m) = m**2 - m + j - 5 - 5. Determine s(w).
5
Suppose 0 = -2*l - 5*m - 7, -l - 2*m + 0*m - 3 = 0. Let x(j) be the second derivative of -3*j**4/4 - j**3/6 - j**2/2 - 2*j. Calculate x(l).
-9
Let a(i) = i**2 + 2*i - 4. Let v be ((-85)/15 - -3)*6/4. Calculate a(v).
4
Suppose -3*v + 8*v - 30 = 0. Let o(u) be the third derivative of -u**4/24 - u**3/6 - 4*u**2. Let n(g) = 2*g + 9. Let w(r) = n(r) + 3*o(r). Determine w(v).
0
Let r(h) = -h**2 - 4*h + 2. Let l(k) = -4*k**2 - 17*k + 7. Let x(t) = -2*l(t) + 9*r(t). Give x(3).
-11
Let g(a) = a**2 - 3*a - 7. Let f be g(5). Suppose 12 = -5*u - f. Let r(i) = -i**3 - 2*i**2 + i - 4. Determine r(u).
2
Let g = -19 - -38. Suppose 3*b = -g + 64. Suppose -3*q + b = 0, -2*q + 0 + 14 = 4*c. Let i(p) = -5*p - 1. Give i(c).
-6
Let i(u) = u + 12. Let j be i(-18). Let x(a) = -a**2 - 4*a - 9 - 4*a + 0*a. Calculate x(j).
3
Let g(l) = -9*l**3 + 16*l**2 + 25*l + 23. Let y(w) = -5*w**3 + 8*w**2 + 13*w + 12. Let c(u) = 6*g(u) - 11*y(u). Calculate c(-7).
6
Let d(k) be the first derivative of -k**3/3 + 4*k**2 - 3*k + 3. Let w be d(8). Let b(j) = j - 1. Give b(w).
-4
Let g(h) be the third derivative of -h**7/5040 - h**6/144 - h**5/20 + 2*h**2. Let k(c) be the third derivative of g(c). What is k(-6)?
1
Let f(b) = -3*b**3 - 20*b**2 + 5*b - 11. Let q(z) = z**3 + 7*z**2 - 2*z + 4. Let k(p) = -3*f(p) - 8*q(p). What is k(-4)?
-3
Let u(p) = -3*p + 0*p + 2*p - 2. Let q = -11 + 13. Suppose -q*l = -0*l. Calculate u(l).
-2
Let k be 2/(-5) - 34/(-10). Let c = -4 + k. Let h(j) = 6*j**3 - j. Calculate h(c).
-5
Suppose 32 = 4*f + 2*x - 7*x, -5*x - 35 = -5*f. Let d(v) = 7 - 3*v**3 - 7 + 2*v**f - v**2 + 10. What is d(0)?
10
Suppose -j - 2 + 0 = 0. Let h = j + 8. Let z(n) = h*n + 1 - 4*n - 3*n. What is z(3)?
-2
Let v = 43 + -31. Suppose -2*j = -8, m + 5*j = 31 - v. Let b(w) = 5*w + 3. Let d(q) = 9*q + 5. Let p(t) = -10*b(t) + 6*d(t). Calculate p(m).
-4
Let u be (-29)/58*(-9 - -1). Let d(j) = -j**3 + 5*j**2 - j - 5. Determine d(u).
7
Let i be (-1)/((-7)/(-42) - (-1)/(-3)). Let h(r) = r**3 - 7*r**2 + 6*r - 9. Calculate h(i).
-9
Let y(c) = -7*c. Let q(t) = 66*t. Let i(a) = 5*q(a) + 48*y(a). Let r = 3 - 4. What is i(r)?
6
Let n(y) = y**3 - 3*y**2 - 3*y. Let p(g) = 3*g - 14. Let h be p(6). Give n(h).
4
Let g(q) = 3*q + 9 - q**2 - q**3 - 3*q. Let c = 55 - 35. Suppose -5*f + m - 5*m = -c, -m + 5 = -4*f. What is g(f)?
9
Suppose 0*s = 4*s - 80. Let v = s - 8. Suppose g + 4*c + 19 = 3, -4*g + 3*c = -v. Let z(w) = -w - 8. What is z(g)?
-8
Let j(x) = x - 6. Let u(y) be the third derivative of -y**3/2 - 4*y**2. Let z(h) = 2*j(h) - 5*u(h). What is z(-4)?
-5
Let g(p) = 3*p + 5*p**2 + 0*p**2 - p - 3*p**2. Suppose 0*k + 2 = -4*k + 5*j, -10 = -5*j. Calculate g(k).
12
Let r(y) = -y**3 - 7*y**2 - 6*y + 5. Let s be r(-6). Let w(h) = -h**2 + 5*h + 1. Let v(z) = z**2 - 5*z - 2. Let m(l) = 4*v(l) + 3*w(l). Calculate m(s).
-5
Let b(g) = 17*g**2 + 13*g + 2. Let o(s) = -8*s**2 - 6*s - 1. Let n(p) = -4*b(p) - 9*o(p). Give n(-2).
13
Let t(n) be the third derivative of n**6/120 + n**5/20 - n**4/24 - 11*n**2 - 3. Determine t(-3).
3
Let y(f) = 4*f + 1. Let m(v) = v**2 + 1. Suppose 6*r = 2*r + 4. Let i(q) = r*y(q) + m(q). What is i(-4)?
2
Let z be (3/(-6))/((-2)/40). Suppose h = z - 5. Let o(i) = 2*i + 1 + 2*i - h*i. Calculate o(-5).
6
Let n(a) = a + 2. Let l be n(-4). Let p(u) = -3*u**2 - 3*u + 3. Let b(s) = -s**2 - s + 2. Let w(v) = l*p(v) + 5*b(v). Determine w(0).
4
Let h(a) = a**3 - 6*a**2 + 4*a + 5. Let r = -1 + 6. What is h(r)?
0
Let q(n) = -4*n - 9 + 15*n - 5 + 13. Calculate q(1).
10
Let b(p) = -p**2 + 1. Let j(x) = 2*x - 8 + 2*x**2 + 5*x - 6*x**2 + 3*x**2. Let a be j(6). Determine b(a).
-3
Let y = 18 + -16. Let i(f) = -7*f**y + f - f**2 + 1 - 2. Determine i(1).
-8
Let t be (-134)/240 - (-36)/60. Let x(o) be the third derivative of 2*o**2 + 0 - 1/2*o**3 + 0*o - t*o**4. Calculate x(5).
-8
Let f(p) = p**2 + 7*p + 7. Suppose -5*t - 18 = -2*t. Determine f(t).
1
Let o(y) = y**3 + 7*y**2 + 7. Let a be o(-7). Let n = a - 6. Let l(k) = -k**2 + 6*k + 0 + 2 - 7 - n. What is l(6)?
-6
Let w(o) = -o**2 + 5*o + 7. Suppose -2*p + 1 = -11. Give w(p).
1
Let h(a) = 2*a**3 - 5 + 2*a**2 + 0*a**2 - 8 + 15. Determine h(-2).
-6
Let g be 2 + 0 + 28 + 1. Suppose 3*w - 109 = -g. Suppose 0 = 4*t + 2*p + w, 5*t - 5 = -0*t + 5*p. Let y(k) = k**2 + 4*k - 1. Determine y(t).
-1
Suppose -p + 9 = 3*p - o, -2*p + 3*o + 7 = 0. Let b(x) = -1 - p*x + 4*x - 2. Let j(f) = -f**3 + 5*f**2 - 4*f + 3. Let a be j(4). What is b(a)?
3
Let k(f) = 4*f**2 - 9*f - 4. Let b(q) = -q**2 + q + 1